hat are the prime factors of g(1)?
3
What are the prime factors of 6/9*3*-1 - -16?
2, 7
Suppose 0*x - 5*x = 10. Let q be ((-12)/10)/(x/5). Suppose 3*n = q*v + 18, -2*v = -3*n + 9 + 8. What are the prime factors of n?
5
Let f(w) = 2*w**2 - w + 3. Let s(z) = 5*z**2 - 2*z + 7. Let v(d) = -7*f(d) + 3*s(d). List the prime factors of v(-2).
2
Suppose 0 = -5*u - 4*t - 12, -u + 0 = 4*t - 4. Let s be (1/(-2))/(u/(-8)). List the prime factors of 145/10 - s/2.
3, 5
Suppose 3*f = f - 5*p + 35, 4*p = f + 15. Suppose 0 = 3*m - 23 + f. List the prime factors of m.
2, 3
Suppose 3*k - 9 = 6*k. Let x be (2 + 1)*-1*k. Suppose -2*l + x = l. What are the prime factors of l?
3
Let z = 165 + -113. What are the prime factors of z?
2, 13
Let t be ((1 - 2) + -9)/(-2). Suppose 0*z - 5*z + 3 = -c, 2*z = t*c - 54. List the prime factors of c.
2, 3
Let u be 1 + -1 + 0 + 1. Let b = 1 + u. Suppose 0 = -b*f - 2*f + 16. List the prime factors of f.
2
Let m(p) = 2*p - p + 3*p**2 + 0*p + 2*p**2. What are the prime factors of m(-1)?
2
Let k = -18 - -18. Suppose k = -h + 11 + 19. List the prime factors of h.
2, 3, 5
Let w = -16 + 10. Let j = 6 - w. What are the prime factors of j?
2, 3
Suppose -6*o = -3*d - 4*o + 1335, 2224 = 5*d - 3*o. List the prime factors of d.
443
Suppose 0 = -2*t + 4*x + 132, 5*t + 2*x = 169 + 173. List the prime factors of t.
2, 17
Let w = 4 + 23. List the prime factors of w.
3
Let g = 8 + -13. Let j = g + 20. List the prime factors of j.
3, 5
Let b = 12 + -4. Suppose h = -4*p + b, -2*h = -4*p - 4 - 0. What are the prime factors of h?
2
Let g be ((-24)/(-15))/(2/10). Suppose 0 = -g*b + 3*b + 55. List the prime factors of b.
11
Suppose 19 = 3*p - 11. Suppose r - 1 = p. What are the prime factors of r?
11
Let z(g) = g**2 - 10*g - 4. Let l(h) = -4*h**2 + 30*h + 11. Let i(c) = -2*l(c) - 7*z(c). What are the prime factors of i(-10)?
2, 3
Suppose 14*p - 533 = -99. List the prime factors of p.
31
Let n(v) = -14*v. Let i be n(2). Let j = 1 + i. Let f = -12 - j. List the prime factors of f.
3, 5
Let u = 23 - 12. Suppose -m = -4*p + 7*p + u, 4*m + 5*p = -9. What are the prime factors of m?
2
Let t(j) = j**2 - 6*j - 1. Let n be t(5). List the prime factors of n/4*(4 - 16).
2, 3
Let s(u) = u**3 - 7*u**2 - 7*u - 10. Let b be s(8). Let k(z) = z - 4. Let t(a) = 2*a - 3. Let r(l) = 4*k(l) - 5*t(l). List the prime factors of r(b).
11
Suppose -1773 = -2*b - 3*b + 2*h, -5*b - 2*h + 1757 = 0. List the prime factors of b.
353
Let f(h) = -13*h - 7. Let a be f(-5). Let d = a + -20. What are the prime factors of d?
2, 19
Let z(u) = 15*u + 24. What are the prime factors of z(6)?
2, 3, 19
Let s(x) = -2*x**3 - 2*x**2 + 5*x + 7. What are the prime factors of s(-4)?
83
Let f = 44 - 51. Let k = 51 + -35. Let d = k + f. What are the prime factors of d?
3
Suppose 3*i = -6*a + 2*a + 278, 3*a - 198 = 3*i. Suppose -4*j + a = 4. List the prime factors of j.
2
Let h be (7/(-5))/(1/(-5)). Let d = -1 + h. Suppose 4*n - r - 15 = 0, -3*n - r + d*r + 7 = 0. What are the prime factors of n?
2
Suppose -3*j = -5*g + 180, -4*g + 144 = -0*g + 2*j. Let y be (-4)/18 + 8/g. What are the prime factors of y - 21/(-6)*2?
7
Let h(n) = n**2 - n + 8. What are the prime factors of h(-7)?
2
Let s = -2 + 2. Suppose 5*n - 5*d + 4*d - 97 = s, 0 = -4*n + 4*d + 84. List the prime factors of n.
19
Let p(t) = 2*t**2 - 8*t - 7. List the prime factors of p(8).
3, 19
Let z(h) = -40*h - 2. What are the prime factors of z(-1)?
2, 19
Let x be (-1)/((-3)/12*2). Let p = 11 - x. Suppose -2*l + p - 20 = -5*s, -30 = -5*l + s. List the prime factors of l.
7
Let d be (-2)/(-2) + 4 + 1. Let j be d*1 - (3 - 3). Suppose -26 + j = -4*t. What are the prime factors of t?
5
Let h be 2*(9/(-6))/(-1). Suppose 5*y = 2 + 8, -h*r = 5*y - 121. What are the prime factors of r?
37
Let z(x) be the second derivative of -x**4/12 - 4*x**3/3 - 3*x**2/2 - 2*x. What are the prime factors of z(-7)?
2
Let k be (2 + 1)*142/(-6). Let n = k + 123. Suppose 5*q - 34 = 2*y, -y = -5*q - 5*y + n. What are the prime factors of q?
2
Suppose 14*c - 11*c - 702 = 0. What are the prime factors of c?
2, 3, 13
Let s be (-1)/(-4) + (-376)/(-32). What are the prime factors of (15 - s)/(3/22)?
2, 11
Let n(i) be the second derivative of i**3/3 + 3*i**2/2 + 2*i. What are the prime factors of n(3)?
3
Let x be (-30)/(-4)*(-4)/5. Let i(f) = -2 - 2 + 2*f - 3*f + 0*f. What are the prime factors of i(x)?
2
Let f = 5 + 7. Suppose 5*w - 2*o = 20, o - 18 = -2*w - 1. Suppose -a + f = v, w*a - v = 3*a + 16. List the prime factors of a.
7
Let p(h) = -3 + 4*h + h**2 - 1 - 4. List the prime factors of p(-7).
13
Let u(q) = q**2 - 2*q - 7. What are the prime factors of u(5)?
2
Let z(p) = -7*p - 5. Let v(q) = -77*q - 56. Let t(o) = 5*v(o) - 56*z(o). Let x be t(2). Let j = -5 + x. List the prime factors of j.
3
Let d = -8 + 19. Let m = 3 + d. List the prime factors of ((-30)/(-21))/(2/m).
2, 5
Let o = 37 - 19. Let g be o/(8/6 + -2). What are the prime factors of (-2)/9 + (-249)/g?
3
Suppose -13*p - 661 = -1649. List the prime factors of p.
2, 19
Let p be 1 + -1*(3 + -2). Suppose p = 4*n - 0*n - 20. What are the prime factors of n?
5
Let v be ((-36)/(-10))/((162/(-225))/(-9)). Suppose 3*w + 96 = -2*z + z, 3*w + 3*z = -102. Let x = v + w. What are the prime factors of x?
2, 7
Suppose -u = -6*u + 45. Let k = u - 5. What are the prime factors of (k/(-6))/((-6)/27)?
3
Let p(z) = 2*z**3 - 2*z**2 + z - 2. Suppose 0 = -4*q + 4*b - 4, 2*b - 1 = 3*q + 1. Let v(s) = s + 2. Let t be v(q). What are the prime factors of p(t)?
2
Suppose -2*l = 2*l. Suppose s - 3*j = 19, -3*s - s + 36 = -4*j. Suppose l*z + 72 = s*z. List the prime factors of z.
2, 3
Suppose 0*l + 45 = 3*l. Let a = -3 + l. Let t = a - 3. List the prime factors of t.
3
Let b be ((-2)/(-1))/(-1) + -18. Let t be b/6*(-6)/4. Suppose -u = t*k - 51, -7*u = -5*k - 2*u + 45. List the prime factors of k.
2, 5
Suppose 2 + 8 = 5*i. List the prime factors of 17 + i*(-2)/(-4).
2, 3
Let x be (-2)/8 + 707/28. Suppose 0 = -5*t + x + 55. What are the prime factors of t?
2
Suppose 8*d + 3*d = 22. Let s be (-159)/(-4) + 1/4. Suppose 3*v = -d*v + s. List the prime factors of v.
2
Let z = -70 - -132. What are the prime factors of z?
2, 31
Suppose 14*i = 17*i - 6. Suppose i*c - 10 = 20. What are the prime factors of c?
3, 5
Suppose -2*h - h = -9. Let v = h + -5. What are the prime factors of v/8 - (-196)/16?
2, 3
Suppose -4*r + p = 25, -3*r - 4*p = 21 + 12. Let a(d) = 6*d**2 - 2 - 1 + d**3 + 0*d - 9*d. What are the prime factors of a(r)?
11
Let r = 144 + -91. What are the prime factors of r?
53
Suppose 0 = 3*l + 6, -3*y - 22 + 102 = 2*l. Suppose 3*n - 20 = 2*m - 4, n - y = -5*m. Suppose -2*a = 2 - n. What are the prime factors of a?
3
Let l = -6 - -11. Suppose -i = -y + 29, l*y = -3*i + 2*i + 157. What are the prime factors of y?
31
Let q(l) = -l**3 + 13*l**2 - 9*l - 4. List the prime factors of q(8).
2, 61
Let n(m) = -m**2 + 5*m. Suppose 4*y = l - 23, 0 = -2*l + y + 2*y + 21. What are the prime factors of n(l)?
2, 3
Suppose 3*t + 4*f = 275, 4*t + 3*f + 31 = 407. List the prime factors of t.
97
Suppose 4*j - j = 0. Let u be 0 + j/(-2) + -4. Let r = u - -7. List the prime factors of r.
3
Suppose -2*g + 7 + 5 = 0. Suppose b - g = -b. Suppose 0 = b*f - 9. List the prime factors of f.
3
Suppose 4*p = -8 + 24. Suppose -p*m + 240 = -0*m. Let b = -41 + m. List the prime factors of b.
19
Suppose -5*b - 3*u = -6*u - 716, -5*u = 4*b - 558. List the prime factors of b.
2, 71
Let c(m) = 2*m - 6. Let o(y) be the third derivative of y**5/60 - y**4/6 - y**3/2 - 2*y**2. Let a be o(6). What are the prime factors of c(a)?
2, 3
Let m = -4 + 6. Suppose 2*a + m = b, -b - b + 1 = -5*a. What are the prime factors of b?
2
Suppose 8*r - 750 = 3*r. List the prime factors of r.
2, 3, 5
Let f(z) = z**2 - 4*z + 3. Let x be f(4). Let b = -6 - -6. Suppose -x*v + 5*r = -34, b = -4*v + v + 3*r + 36. List the prime factors of v.
13
Suppose -49 = -5*y + 191. What are the prime factors of y?
2, 3
Suppose 2*d + 9 = k - 15, -4*k + d + 124 = 0. What are the prime factors of k?
2
Let l(f) = 70*f - 5. What are the prime factors of l(5)?
3, 5, 23
Let y(d) = -d - 1. Let h be y(-5). Suppose 4*c = g + c - 10, -2*g + 10 = -h*c. Let r = -3 - g. List the prime factors of r.
2
Suppose -4*c + 8 = 36. Let w(d) =